remainder when 66683 is divided by 13?
6
What is the remainder when 375765 is divided by 8?
5
Calculate the remainder when 26726 is divided by 44.
18
What is the remainder when 5111 is divided by 1060?
871
Calculate the remainder when 39045 is divided by 244.
5
Calculate the remainder when 142148 is divided by 3841.
31
What is the remainder when 56661 is divided by 5149?
22
What is the remainder when 919 is divided by 204?
103
What is the remainder when 391609 is divided by 68?
65
Calculate the remainder when 10886 is divided by 3511.
353
Calculate the remainder when 1078 is divided by 324.
106
What is the remainder when 4785 is divided by 807?
750
What is the remainder when 177157 is divided by 86?
83
Calculate the remainder when 2168 is divided by 264.
56
What is the remainder when 32380 is divided by 2023?
12
What is the remainder when 21819 is divided by 352?
347
What is the remainder when 1923 is divided by 634?
21
Calculate the remainder when 1847878 is divided by 18.
16
What is the remainder when 16101 is divided by 218?
187
What is the remainder when 12142 is divided by 118?
106
Calculate the remainder when 247719 is divided by 246.
243
Calculate the remainder when 4697 is divided by 95.
42
Calculate the remainder when 531705 is divided by 708.
705
Calculate the remainder when 22087 is divided by 712.
15
Calculate the remainder when 898870 is divided by 258.
256
Calculate the remainder when 28524 is divided by 16.
12
Calculate the remainder when 2532 is divided by 1052.
428
What is the remainder when 4154 is divided by 2058?
38
What is the remainder when 1003 is divided by 326?
25
What is the remainder when 479382 is divided by 28?
22
What is the remainder when 234 is divided by 67?
33
Calculate the remainder when 112228 is divided by 151.
35
What is the remainder when 14183 is divided by 7091?
1
Calculate the remainder when 342249 is divided by 281.
272
What is the remainder when 119482 is divided by 9?
7
What is the remainder when 113409 is divided by 443?
1
What is the remainder when 501495 is divided by 111?
108
What is the remainder when 45123 is divided by 132?
111
Calculate the remainder when 3855 is divided by 932.
127
Calculate the remainder when 785 is divided by 549.
236
What is the remainder when 2182 is divided by 501?
178
Calculate the remainder when 5578 is divided by 144.
106
Calculate the remainder when 11582 is divided by 26.
12
What is the remainder when 4482 is divided by 118?
116
Calculate the remainder when 51487 is divided by 234.
7
What is the remainder when 13051 is divided by 4298?
157
What is the remainder when 54163 is divided by 90?
73
What is the remainder when 6908 is divided by 147?
146
Calculate the remainder when 1109821 is divided by 33.
31
What is the remainder when 25633 is divided by 287?
90
Calculate the remainder when 57354 is divided by 1638.
24
Calculate the remainder when 38981 is divided by 23.
19
What is the remainder when 6798 is divided by 8?
6
Calculate the remainder when 8397 is divided by 1194.
39
Calculate the remainder when 2025855 is divided by 1283.
1281
What is the remainder when 12542 is divided by 203?
159
Calculate the remainder when 59576 is divided by 285.
11
Calculate the remainder when 1879729 is divided by 21.
19
Calculate the remainder when 7849 is divided by 559.
23
Calculate the remainder when 34327 is divided by 11442.
1
What is the remainder when 40160 is divided by 162?
146
Calculate the remainder when 54875 is divided by 196.
191
What is the remainder when 4451579 is divided by 851?
849
What is the remainder when 9028872 is divided by 375?
372
Calculate the remainder when 1074598 is divided by 24.
22
What is the remainder when 286847 is divided by 27?
26
What is the remainder when 1678 is divided by 93?
4
Calculate the remainder when 67204 is divided by 1034.
1028
What is the remainder when 720 is divided by 419?
301
Calculate the remainder when 2510 is divided by 148.
142
Calculate the remainder when 147381 is divided by 7.
3
What is the remainder when 21366 is divided by 475?
466
Calculate the remainder when 794 is divided by 750.
44
Calculate the remainder when 1346 is divided by 33.
26
What is the remainder when 2473 is divided by 768?
169
Calculate the remainder when 109703 is divided by 7313.
8
Calculate the remainder when 33152 is divided by 227.
10
Calculate the remainder when 170984 is divided by 5.
4
What is the remainder when 631205 is divided by 28691?
3
Calculate the remainder when 13352 is divided by 3338.
0
What is the remainder when 1216492 is divided by 9?
7
Calculate the remainder when 1735 is divided by 86.
15
Calculate the remainder when 892 is divided by 388.
116
Calculate the remainder when 117430 is divided by 16772.
26
Calculate the remainder when 2147 is divided by 301.
40
Calculate the remainder when 1421 is divided by 285.
281
What is the remainder when 481725 is divided by 312?
309
What is the remainder when 6873 is divided by 3432?
9
Calculate the remainder when 1868434 is divided by 86.
84
Calculate the remainder when 19586 is divided by 479.
426
Calculate the remainder when 4300 is divided by 4.
0
What is the remainder when 1558 is divided by 23?
17
Calculate the remainder when 2266 is divided by 1140.
1126
Calculate the remainder when 2449 is divided by 447.
214
Calculate the remainder when 23413 is divided by 1077.
796
Calculate the remainder when 50648 is divided by 10126.
18
Calculate the remainder when 13030 is divided by 237.
232
What is the remainder when 1609 is divided by 397?
21
What is the remainder when 194575 is divided by 37?
29
What is the remainder when 3348 is divided by 1107?
27
Calculate the remainder when 126860 is divided by 72.
68
What is the remainder when 32402 is divided by 271?
153
What is the remainder when 6974 is divided by 394?
276
Calculate the remainder when 11847 is divided by 1689.
24
Calculate the remainder when 25522 is divided by 52.
42
What is the remainder when 238030 is divided by 116?
114
Calculate the remainder when 10885 is divided by 100.
85
What is the remainder when 162012 is divided by 4050?
12
Calculate the remainder when 3572 is divided by 667.
237
What is the remainder when 690279 is divided by 230085?
24
Calculate the remainder when 2260 is divided by 31.
28
Calculate the remainder when 31592 is divided by 1128.
8
Calculate the remainder when 29238 is divided by 2249.
1
Calculate the remainder when 41954 is divided by 415.
39
Calculate the remainder when 9257 is divided by 223.
114
What is the remainder when 837 is divided by 162?
27
Calculate the remainder when 442611 is divided by 1709.
1689
Calculate the remainder when 15651 is divided by 319.
20
What is the remainder when 2778 is divided by 782?
432
What is the remainder when 325601 is divided by 162?
143
Calculate the remainder when 48062 is divided by 21.
14
What is the remainder when 12276 is divided by 18?
0
Calculate the remainder when 214110 is divided by 202.
192
What is the remainder when 625 is divided by 298?
29
What is the remainder when 2882 is divided by 100?
82
Calculate the remainder when 47557 is divided by 760.
437
What is the remainder when 5945 is divided by 5920?
25
Calculate the remainder when 7695 is divided by 786.
621
Calculate the remainder when 2830 is divided by 538.
140
What is the remainder when 7197 is divided by 36?
33
Calculate the remainder when 19350 is divided by 4835.
10
Calculate the remainder when 7035 is divided by 52.
15
Calculate the remainder when 312327 is divided by 174.
171
What is the remainder when 6701 is divided by 27?
5
What is the remainder when 4503198 is divided by 16?
14
What is the remainder when 11356 is divided by 41?
40
Calculate the remainder when 57510 is divided by 9.
0
What is the remainder when 6368 is divided by 6352?
16
What is the remainder when 24655 is divided by 133?
50
Calculate the remainder when 12591 is divided by 11.
7
What is the remainder when 21833 is divided by 112?
105
What is the remainder when 790 is divided by 681?
109
Calculate the remainder when 278492 is divided by 967.
963
What is the remainder when 6594 is divided by 297?
60
What is the remainder when 10550 is divided by 479?
12
What is the remainder when 1068 is divided by 1057?
11
Calculate